2 - 31*k - 162. Calculate n(-24).
6
Let x(y) = -y**3 - y**2 + 13*y + 9. Give x(0).
9
Let o(m) = -m**2 - 5*m + 43. Calculate o(-10).
-7
Let w(v) = -22*v**3 - 2*v - 1. Determine w(-1).
23
Let h(u) = u**3 - u**2 - 3*u - 5. Determine h(0).
-5
Let c(z) = -14*z**2 + 1. Give c(1).
-13
Let h(s) = 15*s + 34. Determine h(-2).
4
Let j(y) = y**2 - 4*y - 29. Calculate j(9).
16
Let m(x) = x**3 - 4*x**2 - 7*x + 2. Give m(5).
-8
Let o(i) = -i**3 - 5*i**2 - 6*i - 10. Calculate o(-4).
-2
Let y(c) = -c**2 + 10*c - 32. Calculate y(6).
-8
Let w(s) = -s**2 - 12*s + 1. Calculate w(-11).
12
Let a(t) = 148*t**2 - 2*t - 2. Determine a(-1).
148
Let w(r) = r - 5. Determine w(5).
0
Let j(c) = -3*c**2 + 2*c + 1. Determine j(2).
-7
Let h(x) = x**2 + 9*x + 16. Determine h(-8).
8
Let g(d) = d**3 + 10*d**2 + 8*d - 11. Determine g(-9).
-2
Let b(g) = 2*g**2 + 13*g + 6. Determine b(-6).
0
Let t(y) = y**3 - 4*y**2 + 3*y + 1. What is t(3)?
1
Let s(d) = 4*d + 9. Give s(-4).
-7
Let t(j) = 10*j - 13. What is t(3)?
17
Let o(u) = u**2. Calculate o(0).
0
Let t(c) = -c**3 + 3*c**2 + 7*c + 14. Calculate t(4).
26
Let c(m) = 59*m - 873. Calculate c(15).
12
Let h(y) = 5*y**2 + 6*y. Determine h(-2).
8
Let w(p) = -12*p - 18. Determine w(-4).
30
Let u(p) = -p**3 - 14*p**2 + 6*p + 54. Determine u(-14).
-30
Let o(f) = f**2 + 6*f + 11. Calculate o(-8).
27
Let o(a) = -a**3 + 7*a**2 + 6*a - 25. What is o(8)?
-41
Let q(i) = -7*i - 123. What is q(-17)?
-4
Let f(b) = b**2 + 2*b - 1. Calculate f(-3).
2
Let h(u) = -u**3 + 5*u**2 - 16*u + 38. Give h(3).
8
Let w(p) = -3*p + 5. Determine w(-5).
20
Let n(j) = -j**3 + j - 43. Determine n(0).
-43
Let t(a) = 3*a**2 + 9*a + 16. Give t(-2).
10
Let i(a) = 7*a**2 + 32*a + 17. Give i(-4).
1
Let b(w) = -w**3 + 10*w**2 + w. What is b(10)?
10
Let p(q) = -3*q - 26. Calculate p(3).
-35
Let f(z) = 4*z + 34. Determine f(-4).
18
Let l(p) = p**2 - p + 1. Determine l(-4).
21
Let y(p) = p**3 - 10*p**2 + 48*p - 353. Give y(9).
-2
Let o(q) = q**2 + 2*q - 8. Calculate o(2).
0
Let q(m) = 13*m + 4. Determine q(3).
43
Let p(r) = r**3 - r - 16. Determine p(0).
-16
Let h(s) = 2*s**2 + 33*s + 108. What is h(-12)?
0
Let s(b) = -b**3 - 2*b**2 + 5*b + 2. Calculate s(-3).
-4
Let o(i) = -10*i + 1. What is o(1)?
-9
Let g(f) = -11*f + 22. Give g(-7).
99
Let m(k) = -k**3 - 4*k**2 - 5*k + 2. Give m(-4).
22
Let w(k) = -20*k - 2. Calculate w(-1).
18
Let v(m) = -m**2 + 4*m + 19. Calculate v(6).
7
Let d(b) = b**2 + 6*b - 142. Determine d(-15).
-7
Let q(b) = b - 10. Determine q(10).
0
Let j(k) = k**3 + 9*k**2 - 8*k + 38. Determine j(-10).
18
Let k(p) = -2*p**3 + 20*p**2 - 20*p + 14. What is k(9)?
-4
Let v(b) = -b**2 - 15*b - 23. Give v(-13).
3
Let p(t) = 2*t**2 + 7*t - 36. Give p(-7).
13
Let l(p) = 2*p**3 + 11*p**2 - 6*p - 3. Determine l(-6).
-3
Let l(w) = w**3 - 6*w**2 + 2*w - 1. What is l(6)?
11
Let i(r) = r**3 - 10*r**2 + 10*r - 4. Give i(9).
5
Let o(f) = -f**3 + f**2 + 3*f + 2. Calculate o(-3).
29
Let q(v) = v**3 - 11*v**2 + 2*v - 11. Determine q(11).
11
Let l(v) = 14*v**2 - 4*v - 4. Calculate l(-1).
14
Let c(w) = 2*w - 8. Calculate c(17).
26
Let d(g) = g**3 + 10*g**2 - 10*g + 9. What is d(-11)?
-2
Let v(l) = -l**2 - 17*l - 2. Calculate v(-17).
-2
Let b(z) = -18*z + 15. What is b(9)?
-147
Let l(a) = 18*a**2 + 37*a - 2. What is l(-2)?
-4
Let d(u) = 2*u**3 + 10*u**2 + 4*u - 11. What is d(-4)?
5
Let r(u) = 6*u + 2. What is r(-2)?
-10
Let l(u) = u**2 - 14*u + 13. Determine l(12).
-11
Let k(i) = -5*i - 63. Determine k(-10).
-13
Let x(n) = -n**3 - 7*n**2 - 8*n - 3. Give x(-6).
9
Let f(p) = -p**3 - 4*p**2 + 3*p - 4. Calculate f(-4).
-16
Let u(t) = 2*t + 2. Calculate u(9).
20
Let r(o) = -22*o + 182. Determine r(6).
50
Let p(l) = l**3 - l**2 - l - 1. Determine p(2).
1
Let o(f) = -6*f + 99. Give o(15).
9
Let s(z) = -z**2 + 23*z - 117. Determine s(15).
3
Let f(h) = -259*h + 783. Calculate f(3).
6
Let n(q) = -q**3 + 5*q**2 - 6*q - 1. What is n(3)?
-1
Let w(o) = o**3 + 8*o**2 + 9*o + 2. Calculate w(-6).
20
Let j(n) = -16*n**3 + n**2 + n - 1. Calculate j(-1).
15
Let d(m) = 2*m**3 - 10*m**2 - 3*m + 5. Calculate d(4).
-39
Let u(g) = -g**3 - 4*g**2 - 4*g - 11. Determine u(-4).
5
Let k(i) = -i**2 + i + 15. Determine k(0).
15
Let o(y) = y + 54. Give o(20).
74
Let i(s) = s + 19. Give i(-8).
11
Let z(d) = -d**3 - 62*d**2 - 230*d + 125. Give z(-58).
9
Let k(z) = -4*z**2 + z - 2. What is k(-2)?
-20
Let t(r) = -10*r**3 + 3*r**2 + 2*r - 2. Calculate t(-2).
86
Let g(p) = -p - 1. What is g(-6)?
5
Let g(o) = -o**3 - 3*o**2 + 7*o - 2. What is g(-5)?
13
Let y(b) = -9*b + 88. Give y(10).
-2
Let y(x) = x**2 - 8*x + 20. Calculate y(5).
5
Let q(o) = o**2 + 6*o - 12. Give q(0).
-12
Let z(g) = 30*g + 244. Determine z(-8).
4
Let s(p) = -14*p**2 - 6*p - 2. Calculate s(-2).
-46
Let f(m) = -m**3 - 22*m**2 - 39*m + 21. Calculate f(-20).
1
Let c(d) = d**3 - 6*d**2 + 5*d - 4. What is c(5)?
-4
Let y(n) = n**3 + 3*n**2 - n + 5. Determine y(0).
5
Let x(a) = 3*a**2 - a - 1. What is x(1)?
1
Let j(i) = 2*i + 72. Calculate j(-31).
10
Let n(x) = 88*x + 75. Determine n(-1).
-13
Let a(r) = r**3 - 7*r**2 + 10*r + 11. What is a(6)?
35
Let w(p) = -p**2 + 19*p - 21. Give w(17).
13
Let p(n) = -n**2 - 6*n + 2. Determine p(4).
-38
Let w(q) = 12*q + 38. Give w(-23).
-238
Let g(y) = -y**3 - 8*y**2 + 19*y - 41. Determine g(-10).
-31
Let f(d) = -4*d - 8. Give f(-9).
28
Let j(o) = o**3 - 2*o**2 - 7*o + 1. Determine j(5).
41
Let d(s) = -191*s - 388. What is d(-2)?
-6
Let o(d) = d**2 + 15*d + 23. Give o(-14).
9
Let c(k) = 11*k - 2. Determine c(6).
64
Let b(p) = -p**2 + 48*p - 317. Give b(40).
3
Let x(t) = t**3 + 6*t**2 + 2*t. Determine x(-6).
-12
Let g(f) = -52*f**2 - 2*f + 2. Calculate g(1).
-52
Let g(m) = 22*m + 249. Give g(-11).
7
Let v(k) = -13*k + 27. What is v(4)?
-25
Let w(a) = a**3 - 9*a**2 + 18*a + 14. Determine w(5).
4
Let m(x) = -x**3 - 2*x**2 + 5*x + 13. Give m(3).
-17
Let o(t) = -4*t - 1. Determine o(-5).
19
Let c(m) = -m**3 + 15*m**2 - 2*m + 22. Determine c(15).
-8
Let i(y) = -y**3 - 11*y**2 + 2*y + 8. Determine i(-11).
-14
Let r(d) = d**3 - 10*d**2 + 3*d + 41. Calculate r(9).
-13
Let k(s) = 10*s**2 - 34*s + 8. Give k(3).
-4
Let k(a) = a**3 + 3*a**2 - 8*a + 2. What is k(-5)?
-8
Let d(u) = -13*u - 33. What is d(-5)?
32
Let v(w) = 2*w - 10. Give v(7).
4
Let g(f) = 7*f + 22. Give g(6).
64
Let d(q) = 2*q**2 + 4*q - 5. Give d(-4).
11
Let v(l) = 60*l - 129. Calculate v(2).
-9
Let v(x) = 20*x**2 - x - 1. Determine v(-1).
20
Let u(y) = 15*y + 86. Calculate u(-6).
-4
Let q(c) = -c**3 + 7*c**2 - 6*c - 25. Determine q(5).
-5
Let v(w) = -6*w**3 + 2*w**2 - 4*w + 5. Determine v(2).
-43
Let i(l) = 4*l**3 - 90*l**2 + 124*l + 41. Calculate i(21).
-1
Let c(t) = -7*t**2 + 2*t - 1. What is c(1)?
-6
Let b(k) = k**2 - 7*k + 7. Determine b(2).
-3
Let v(c) = c**2 + 9*c + 15. Give v(-7).
1
Let s(x) = -x**2 - 2*x + 6. Calculate s(4).
-18
Let k(i) = -13*i + 9. Determine k(5).
-56
Let x(c) = c**3 - 5*c**2 - 10*c - 3. Calculate x(7).
25
Let o(j) = -j**3 + 8*j**2 + 22*j - 4. Give o(10).
16
Let v(d) = -d**3 - 2*d**2 - d + 4. What is v(0)?
4
Let f(l) = -l**3 + 13*l**2 + 32*l - 32. Give f(15).
-2
Let x(r) = -r**2 - 8*r - 15. Give x(-2).
-3
Let f(i) = -i**2 - 10*i - 68. Calculate f(-11).
-79
Let b(l) = l**3 - 7*l**2 + 14*l - 15. Give b(5).
5
Let j(n) = n - 3. What is j(-11)?
-14
Let c(m) = -9*m**2 - 7*m - 13. Give c(-4).
-129
Let d(r) = -r**2 + 5*r + 7. Determine d(5).
7
Let k(t) = t**2 + 21*t - 3. Determine k(-15).
-93
Let x(y) = -4*y - 21. Give x(-7).
7
Let n(f) = f**3 + 9*f**2 - 8*f + 13. Determine n(-10).
-7
Let v(h) = 5*h**3 + 2*h**2 - 2*h + 3. Determine v(2).
47
Let y(s) = -6*s**2 + 3*s. What is y(4)?
-84
Let w(t) = 3*t**2 + 71*t + 36. What is w(-23)?
-10
Let p(w) = -w**3 + 2*w**2 + w + 1. Give p(2).
3
Let o(c) = -2*c**3 - 2*c**2 - 4*c - 5. Calculate o(-2).
11
Let g(f) = f**2 - 92*f + 667. Determine g(8).
-5
Let z(n) = 5*n**2 - 13*n - 3. What is z(5)?
57
Let f(z) = -z**3 + 2*z**2 + z + 1. Determine f(3).
-5
Let x(v) = v**3 + 7*v**2 - 5*v + 8. Calculate x(-7).
43
Let x(f) = -7*f + 22. Calculate x(10).
-48
Let a(c) = 7*c + 183. Give a(-26).
1
Let w(h) = -7*h - 158. Give w(-27).
31
Let m(g) = -31*g + 1079. Give m(35).
-6
Let c(y) = -9*y**3 + 2*y**2 + 5*y - 6. Determine c(1).
-8
Let b(r) = -r**2 - r + 24. Calculate b(-6).
-6
Let l(f) = -f**2 - f + 12. What is l(-5)?
-8
Let n